= -5*z + 2, 30 = -3*q + 4*z. Give g(q).
-2
Let t(r) = -2*r**3 + 14*r**2 - 16*r - 1. Let m(v) = -v**3 + 7*v**2 - 8*v. Let c(q) = -5*m(q) + 3*t(q). Let f be (4 - 2)*(-104)/16. Let j = f + 19. What is c(j)?
-15
Let c be 17/3 + (-3 - 14/(-6)). Suppose -2*s - 26 = 6*x - x, 0 = -c*s - 3*x - 27. Let m(y) = 20*y. Let r(k) = -7*k. Let d(l) = 5*m(l) + 14*r(l). Determine d(s).
-6
Let b be (2 - 8/6)*3. Let h(r) = 6*r**2 - 13*r**b + 0*r**2 + 1. Suppose 2*m = 4*m + 2. What is h(m)?
-6
Let n(w) = -w - 1. Suppose 4*j + x = 5 - 18, 2*x = -4*j - 18. Let b = j + 11. Suppose 4*u = -b - 3. Calculate n(u).
2
Let h(n) be the second derivative of -11*n**3/3 - 3*n**2/2 + 5*n + 64. What is h(1)?
-25
Let j be (2/4)/(((-1)/(-62))/1). Let i(g) = -31*g + j*g + 1 - 4*g**2 - 2*g**2 - g**3. What is i(-6)?
1
Let p be 16 - -77*(-1)/7. Let f(m) = m - 3 + 2 + 4. Calculate f(p).
8
Let s(u) = -4*u**2 + 7*u - 5. Let i(m) = 13*m**2 - 19*m + 14. Let c(p) = -4*i(p) - 11*s(p). Give c(-1).
-8
Let g = -554 - -549. Let l(o) = -o**3 - 3*o**2 + 3*o - 6. Calculate l(g).
29
Let b(r) be the second derivative of -r**5/20 + 5*r**4/6 + 13*r**3/6 - 7*r**2 - 77*r. Determine b(11).
8
Let b(i) be the third derivative of i**4/24 + i**2. Let v = 157 - 117. Let f = v + -36. Give b(f).
4
Suppose -3*f - 49 = -5*s - 42, 1 = -5*s + f. Let m(u) = -u**3 - u**2 + 1. Let i(h) = 5*h**3 - h**2 + h + 3. Let c(x) = i(x) - 3*m(x). Give c(s).
-7
Let l(o) = -36*o**2 + 18*o**3 + 65*o**2 - 28*o**2 - o. Determine l(1).
18
Let m(o) = -2 + 1 + 4 + 2*o**2 - 8*o. Suppose 945 = 208*z - 19*z. Determine m(z).
13
Suppose 0 = 2*o - 7*o + 45. Let a(j) = 2 + 4 + j**2 - o + 5*j. Give a(-5).
-3
Suppose 0 = -17*c + 369 + 73. Suppose 4*p + 10 = 130. Let j = c - p. Let x(m) = -m. What is x(j)?
4
Let i(d) be the third derivative of d**5/60 - 3*d**4/4 + 13*d**3/6 + 257*d**2. What is i(18)?
13
Let a(i) = 2*i - 7. Let b(k) = 1. Let l(u) = a(u) + 6*b(u). Let s(d) = 2*d + 8. Let r be s(6). Suppose 0 = z - q - 7, r = -2*z + 4*z - 4*q. What is l(z)?
7
Let w(n) be the second derivative of n**5/20 - n**4/6 - 2*n**3/3 + 2*n + 184. Determine w(-2).
-8
Let i(x) = -x**3 + 9*x**2 + 11*x + 6. Let m be -20*(0 + ((-5)/2 - -2)). Determine i(m).
16
Let d be (2/(-1))/(-2 - -1). Let n(f) = f**2 - f + 2. Let a be n(0). Let l(s) = 0*s**2 + s**3 - 2*s + 2 - 5*s**2 + s**d - s**a. Give l(5).
-8
Let a(g) = 3*g - 12. Let q(w) = 4*w - 17. Let u(t) = 7*a(t) - 5*q(t). Let n = -4 - -3. Give u(n).
0
Suppose 0 = 17*k - 18*k, -3*l = 3*k - 3. Let o(s) be the first derivative of s**4/2 + s**3/3 - 2. Give o(l).
3
Let f = -10 - -98. Let r(z) = -87 - 9*z**2 + 8*z**2 + z**3 + f. Let c be 0/(1 + (0 - -1)). Calculate r(c).
1
Let a(b) = b**2 + 5*b - 6. Let k = 63 - 59. Suppose k*g - 9*g = 30. What is a(g)?
0
Let a(u) = -5*u**3 - 22*u**2 - 21*u - 3. Let q(p) = -6*p**3 - 22*p**2 - 21*p - 1. Let o(n) = -5*a(n) + 4*q(n). What is o(-21)?
11
Let q(p) = -14*p**2 + 3*p**3 + 6*p**2 - 4*p**2 + 22*p - 2*p - 11. Let c(j) = -j**3 + 4*j**2 - 7*j + 4. Let n(m) = 11*c(m) + 4*q(m). Determine n(3).
0
Let l(n) = -5*n**3 + 3*n**2 + 3*n + 8. Let m(h) = 6*h**3 - 4*h**2 - 4*h - 9. Let b(s) = -5*l(s) - 4*m(s). Calculate b(3).
35
Let f(u) = 10*u + 2 - 4 - 14*u + 9*u - 11. Calculate f(3).
2
Let t = 6 - 4. Let x(r) = 3*r**2 - r**t - 2 - r**2 + 2*r. Let q be 1/(-5)*(-51 + -9)/4. Give x(q).
13
Let n(h) = -14*h + 169. Let r be n(9). Let u = 13 - 9. Let a(q) = -r + 42 + 5*q**2 - u*q**2. What is a(2)?
3
Let s = 118 - 119. Let t(p) = -p**3 - 7*p**2 - 7*p + 3. Let k(y) = y - 2. Let v(q) = s*t(q) - k(q). What is v(-6)?
-1
Let u be -3 - (2 - 1) - -2. Let y(p) be the first derivative of 4*p**2 + 2*p - 2. Give y(u).
-14
Let f(x) = x**3 + 2511*x**2 - 2501*x**2 + 0*x**3 + 11*x. Calculate f(-9).
-18
Suppose 4*p - 9*p = 0. Let r(w) = w**2 - 3. Let b be r(p). Let m(h) = -h**3 - 4*h**2 - 3*h + 4. Let d be m(b). Let v(u) = u**2 - 6*u + 2. What is v(d)?
-6
Let d = -101 + 101. Suppose -x + 2 - 10 = d. Let g(i) = i**3 + 9*i**2 + 10*i + 8. Give g(x).
-8
Let x = 240 - 150. Suppose x = -7*g + 10*g. Suppose 9*k + g = 4*k. Let w(o) = -o**3 - 6*o**2 - o + 6. What is w(k)?
12
Let s(o) = o. Suppose 0 = -p + 18 - 11. Suppose 0 = 4*b + 4*c + p + 21, 2*c + 8 = b. Calculate s(b).
-2
Let l(z) = -z**3 + 15*z**2 - 12*z + 1. Let h be l(14). Let r = h - 24. Let i(o) = o**2 - 4*o - 4. Calculate i(r).
1
Let c(l) = l**2 - 5*l + 25. Let x be c(8). Let o = -43 + x. Let y(n) = -n**2 + 7*n - 5. What is y(o)?
1
Let x(j) = 6*j**2 + 3. Let d = 1245 + -1247. Determine x(d).
27
Let q(l) be the first derivative of -l**3/3 - 7*l**2/2 - l - 174. Suppose 0 = -2*m - 2*x + 3*x - 14, 0 = x - 2. What is q(m)?
5
Let v = 60 + -42. Let z = 23 - v. Let a(j) = 3*j + 3*j - j - 5 - 4*j. Determine a(z).
0
Let t(j) = -j**3 + 5*j**2 + 3*j + 13. Let f be t(6). Let s(g) = g**3 + 5*g**2 - 2*g - 7. Give s(f).
3
Let s(v) be the second derivative of -v**4/12 + 5*v**3/6 - v**2 - v. Suppose -2*j + 33 = 27. Give s(j).
4
Suppose 395*r + 90 = 413*r. Let s(h) = -h**3 + 6*h**2 - 4*h - 4. Determine s(r).
1
Let h(r) = -19*r - 22. Let a(k) = 10*k + 10. Let t(x) = 13*a(x) + 6*h(x). What is t(1)?
14
Let t(a) be the first derivative of 5*a**2/2 - 5*a + 12. Let d(n) = -5*n + 6. Let m(q) = -6*d(q) - 7*t(q). Give m(1).
-6
Let d(o) = -18104 - 4*o**2 + 3*o**2 - 9*o + 18117. Give d(-10).
3
Let x(n) be the first derivative of 19*n**2/2 + 4*n - 447. Determine x(-2).
-34
Let q(r) = -5*r - 1. Let c(b) = -8 - 6*b - 1 + 8. Let h(n) = 3*c(n) - 4*q(n). Determine h(3).
7
Let k(n) be the third derivative of n**6/120 + n**5/12 - n**4/4 + 7*n**3/6 - 81*n**2 + 5. Let t = -1 - 5. Determine k(t).
7
Suppose 0*t = 5*t + 35. Suppose -3*b = -2*b - 14. Let q(o) = 13*o**2 + 23 + 2*o - 6*o**2 - b + o**3. Calculate q(t).
-5
Let t(h) = -h**3 + 2 + 3*h**2 - 2*h - 2*h + 3*h. Suppose -3*l + 4*w = -9 - 0, -4*l = 5*w - 12. Determine t(l).
-1
Let x(z) = 2*z**3 + z**2 + 6*z - 2. Let r(c) = -c**3 + c**2 - c. Let n(o) = -3*r(o) - x(o). Suppose -16*b = 14*b - 120. Determine n(b).
-10
Suppose 5*o = 4*w - 51, -w + 2*o - 6*o - 3 = 0. Let t(a) = -a + 12. Give t(w).
3
Let z(r) = -r**3 + 4*r**2 - r + 5. Let o be z(4). Let g(j) = 0*j + 15 + 5*j - 4*j - 15 + 6*j**3. What is g(o)?
7
Let a(j) = 3*j**2 - 97*j - 53. Let q be a(33). Let w(d) = 4*d. What is w(q)?
52
Let s(h) = 13*h + 0 - 14*h - 7 - 1. What is s(-4)?
-4
Let x(d) be the third derivative of d**6/120 - d**5/5 - 7*d**4/12 - 19*d**3/6 + 16*d**2 + 4. What is x(13)?
-32
Suppose 0 = 3*j + 4*p + 22, 0 = j + 5*p. Let h be 0 + 5/j - 14/4. Let k(x) = x**3 + 3*x**2 - 3*x + 5. Give k(h).
1
Let l(g) = 20*g - 16. Let u(b) = b + 4. Let i(j) = j + 7. Let n(f) = 3*i(f) - 5*u(f). Let y(m) = -l(m) - 16*n(m). What is y(1)?
12
Let o(s) = 807 - 6*s + 17*s + 2*s**2 - 806. Give o(-5).
-4
Let h(b) = -b**3 - 4*b**2 + 5*b + 5. Let d be (0*2/4)/(-1). Suppose z - m = d, -3*z - 3*m - 30 = -6. Calculate h(z).
-15
Let z(d) = d**3 - d**2 - 1. Let x be 10/(-4)*(-12)/6. Suppose s = 2*o - 5, o = -x*s - 15 - 10. Calculate z(o).
-1
Let b(w) = w - 1. Let j(h) = h**3 + 12*h**2 + 6*h + 10. Let p(n) = -6*b(n) - j(n). Determine p(-11).
7
Let c(w) be the third derivative of 11*w**6/120 + w**5/60 - w**4/24 - 18*w**2. Give c(1).
11
Suppose f - 6 = 2*c, -2*c + 4*f = -4*c + 4. Let r(o) = 2*o + 2 - 2 + 2 + 0 - 6*o. Determine r(c).
10
Let w(x) be the first derivative of -7*x**2/2 - 4*x - 55. What is w(-2)?
10
Let s(k) = -5*k**2 + 13*k - 1. Let a(m) = -m**2 + m - 1. Let n(c) = 4*a(c) - s(c). Let d = -1964 - -1971. What is n(d)?
-17
Let l(f) = f - 4. Let b be l(3). Let m be 4/(1 + 3) - b. Let p(q) = -7 + 3*q**2 - 8*q - 9*q**m + 4*q + 2*q - q**3. Determine p(-6).
5
Let y(k) = -3*k + 5. Let n(w) = 5*w + 9. Let b be n(-1). Give y(b).
-7
Let q = -2 - -5. Suppose 27 = 3*t - u - 13, 0 = -4*u - 16. Suppose -q*g = -t, 2*g + 8 = 4*y - 8. Let s(b) = -b + 14. What is s(y)?
8
Let n(f) = -f**2 + 11*f + 30. Let o(w) = w - 5. Let u(j) = n(j) - 7*o(j). What is u(-6)?
5
Let q(i) be the second derivative of i**5/5 + i**4/6 + i**3/6 - 2*i. Let a(f) = -f**2 - 23*f - 1. Let p be a(-23). What is q(p)?
-3
Let b(y) = 8*y - 50*y**2 - 2 + 3*y + 11 + 2 + 49*y**2. Determine b(11).
11
Let x(c) = c - 53*c**2 + 27*c**2 + 44*c**2. Determine x(1).
19
Let v(w) = -13*w**2 - 2*w - 1. Let s be (-2)/(-9*(-7)/63). Determine v(s).
-49
Suppose 2*a + 3*k - 9 = 0, -5*a +